f be k(4). Suppose -f - 58 = -4*z. What is the greatest common divisor of z and b?
7
Let p(i) = 23*i - 7. Let u be p(5). What is the highest common divisor of u and 12?
12
Suppose 6*z - 23 = 5*z. Suppose 3*x + z = r, 2*x + 26 = r + r. Let j be -8*(0 + -1*1). What is the greatest common divisor of r and j?
8
Let j(c) = 6*c**2 - 2*c - 1. Let x be j(-1). Let q(l) = -l**2 + 10*l + 7. Let b be q(x). Let z = b + -16. What is the greatest common divisor of 132 and z?
12
Let g be (-723)/(-12) - 2/8. Let c be (24/(-14))/((-1)/14). Let m = c + -9. Calculate the greatest common factor of g and m.
15
Let c be (2 + 16/(-10))*(-540)/(-6). Suppose 6*g - 27 = 3*g. Calculate the highest common factor of c and g.
9
Suppose 5 + 3 = -2*u + 4*p, 0 = -5*u - 4*p + 22. Suppose -2 = -b + w, 3*b + u*w - 16 = -0*w. Calculate the greatest common factor of b and 1.
1
Let c(b) = -89*b**3 + 1. Let h be c(-1). Let f = 1 + h. What is the greatest common divisor of 13 and f?
13
Let l(j) = -2*j - 1. Let z be l(1). Let b = z + 7. Suppose -o = b*o - 50. Calculate the highest common divisor of o and 10.
10
Let d be 30/(0 + 3) + -2. Calculate the greatest common factor of d and 72.
8
Let c = -16 + 26. Let r(x) = 2*x**3 + 9*x**2 + 0*x**3 + 5*x + 1 - x**3. Let f be r(-8). What is the greatest common factor of f and c?
5
Let s = 5 + -3. Suppose -s = -2*t + 2. Suppose 4 = t*x - 20. What is the highest common divisor of x and 6?
6
Suppose -4*b - 5 = b. Let r be (1 - b) + (-48)/(-1). What is the greatest common factor of 10 and r?
10
Let o be 2/4 + 453/6. Suppose 2*d - 4*p = 48, -2*p + o = 2*d + 2*d. What is the greatest common divisor of d and 50?
10
Let b(p) = p - 1. Let x be b(9). Let k = x - 0. What is the greatest common divisor of k and 4?
4
Suppose 0 = 5*b - 454 - 6. What is the highest common factor of 23 and b?
23
Let p(n) = -n**3 - 4*n**2 + 20*n - 2. Let z be p(-7). Calculate the greatest common factor of 135 and z.
5
Let i be (-5)/(-15)*2 + 128/6. What is the greatest common factor of i and 2?
2
Suppose 59 - 3 = 2*o. Suppose -2*s + 2*u = -16, s = -4*s - u + o. Calculate the highest common factor of 6 and s.
6
Let q(z) = -z**2 + 8*z + 7. Let n be q(7). Let w be (3/9)/((-3)/99). Let o(s) = s**2 - 9. Let t be o(w). Calculate the greatest common divisor of t and n.
14
Let k(x) = 14*x**2 - x - 1. Let h = 5 - 6. Let u be k(h). What is the highest common divisor of 7 and u?
7
Let g be (0 + 3)/(24/16). Suppose -5*b + 35 = 3*d + g*d, 0 = -2*d + 3*b - 6. Calculate the highest common divisor of d and 3.
3
Suppose -16*r - 33 = -19*r. What is the greatest common factor of r and 33?
11
Let y be 3*4 - 0/(-1). Suppose -c - 9 = -4*c. Suppose -2 = 3*o + c*q - 8, -q = -o + 4. What is the highest common divisor of y and o?
3
Let i be (-2)/(-7) + (-1230)/(-7). Suppose -4*f = 3*k - 118, -3*f - 11 = -2*k + 45. Suppose 3*n - 14 = k. What is the greatest common factor of n and i?
16
Suppose 0 = a - 3*k - 7, 0 = 3*a - 2*a + 2*k - 27. What is the highest common factor of a and 133?
19
Let u be ((-20)/(-5))/2 - -19. Let t = -148 - -316. Calculate the highest common divisor of u and t.
21
Let v(j) = j**3 + 9*j**2 + 11*j + 9. Let w be v(-7). What is the greatest common divisor of w and 15?
15
Suppose 5*y - 98 = 12. Let i = -14 + y. Suppose 0 = -5*r + r + i. Calculate the greatest common factor of r and 1.
1
Let m(v) = v**3 - 17*v**2 - 2*v + 23. Let z be m(17). Let g = 29 - z. What is the greatest common divisor of 60 and g?
20
Suppose 0*s - 150 = -2*s. Suppose r = 4*r - 90. Calculate the highest common factor of s and r.
15
Suppose 28 = 3*d - d. Suppose -3*c + 82 = 4*x, 0 = -2*c - 3*c + 10. Suppose 17*j + 112 = x*j. Calculate the greatest common divisor of j and d.
14
Suppose 6*g - g = 2*y - 75, 0 = -y + 2*g + 39. What is the greatest common divisor of 9 and y?
9
Let b = -35 + 81. Let j = b - 28. Calculate the highest common divisor of j and 18.
18
Suppose -t = 5*u - 3*u - 24, 5*u = -2*t + 52. Let w = t - 10. What is the highest common factor of w and 3?
3
Suppose -114 = -2*d - d. Let s = 62 - d. Suppose 0 = -i + 4*b + 28, 2*b = -5*i + b + 182. Calculate the greatest common divisor of s and i.
12
Suppose -2*u + 1 + 30 = 5*l, -l - 73 = -4*u. What is the highest common factor of u and 3?
3
Let t = 120 + -57. Suppose -5*j + 74 = -91. Let q = t - j. Calculate the highest common factor of 15 and q.
15
Let m(t) = 2*t**2 + 3*t - 17. Let p be m(-5). What is the greatest common factor of p and 108?
18
Suppose 2*g - 3*g + 4 = 0. Suppose 0 = u + g*u - 80. Calculate the greatest common factor of 128 and u.
16
Let i be (-7)/(-2)*180/35. Calculate the highest common factor of 72 and i.
18
Let a(p) = 2*p - 5*p**2 + 2*p**3 - p**3 - 5*p - 3*p**3. Let d be a(-3). Calculate the greatest common factor of 90 and d.
18
Suppose 4*d = -2 + 22. Let n(t) = -6*t - t + 2*t. Let l be n(-1). Calculate the highest common divisor of l and d.
5
Let f = -2 + 4. Let w(p) = f*p**2 - 2*p**2 - p**2 - 9 - 9*p. Let y be w(-7). What is the highest common divisor of 5 and y?
5
Let x(c) = c**2 - 2*c - 3. Let r be x(4). Let l = 5 - r. Suppose 3*k = -l*k + 33. What is the highest common factor of 1 and k?
1
Let v = -312 - -609. Calculate the greatest common divisor of v and 33.
33
Suppose -4*a = -109 - 191. Calculate the highest common factor of 30 and a.
15
Let o = 11 + -7. Suppose 0 = 2*f - 2*j + 4 - 6, -o*f - 2*j = -10. Suppose 0 = -l - f*l + 63. What is the highest common divisor of l and 21?
21
Let u be ((-4)/(-8))/((-4)/(-32)). Suppose -f - 30 = -u*f. Calculate the highest common divisor of 20 and f.
10
Let i(b) = -b**3 + 2*b**2 + 6*b + 3. Let h be i(3). Suppose 4*j + 5*o = 523, o - 2*o = 3*j - 395. What is the greatest common divisor of j and h?
12
Let y(i) = i**2 + 2*i - 5. Let w be y(-5). Suppose -4*c + 302 = 2*k, -4 = -2*k - w. Calculate the greatest common divisor of c and 7.
7
Let i = -6 - -24. What is the highest common factor of 2 and i?
2
Let x(k) = -k**3 - 7*k**2 - 6*k + 2. Let o be x(-6). Suppose q = -0*q + o. What is the highest common factor of q and 20?
2
Let a be (-177)/(-12) + 2/8. Suppose -2*c = 5*d - 229, 2*d + 3*c = -c + 98. What is the greatest common factor of a and d?
15
Suppose 533 + 523 = 12*o. Calculate the greatest common divisor of o and 132.
44
Suppose -2*q - 20 = -7*q. Let a be ((-141)/(-12) + -2)*q. What is the greatest common factor of a and 13?
13
Let s(d) = -d**2 - 2 + d**3 + 0 + 9 + d. Let j = 4 + 1. Let l be s(j). What is the greatest common factor of 16 and l?
16
Suppose 7*i - 2*q = 4*i + 61, i - 4*q - 17 = 0. What is the greatest common factor of i and 147?
21
Let l(j) = j**3 - 7*j**2 - 5*j - 9. Let a be l(8). Calculate the greatest common factor of 5 and a.
5
Let l be 2 - (-140)/4 - -1. Calculate the greatest common divisor of 19 and l.
19
Suppose 22*u - u = 1344. Calculate the greatest common divisor of u and 16.
16
Suppose -5*f = -20, 2*a - 14 = -f - 3*f. Let o be 21/4 + a/4. Let q be (1 - o/3)*-12. Calculate the highest common factor of 32 and q.
8
Let y = 35 - -37. What is the highest common divisor of 18 and y?
18
Let r = 0 + -3. Let w be (2 - 17)*-1 - r. Calculate the highest common divisor of w and 2.
2
Suppose -2*v = -4*v - 14. Let x be 14 + -1 + (0 - 0). Let d = v + x. Calculate the greatest common factor of d and 24.
6
Suppose -235 = -5*x + 35. Calculate the greatest common factor of 54 and x.
54
Let u(b) = -b**3 - 11*b**2 - 12*b - 1. Let g be u(-10). Let s = -112 + 188. What is the highest common factor of g and s?
19
Let q(f) = f + 48. Let l be q(0). Suppose 5*b = b + l. Let p = -13 - -121. Calculate the highest common divisor of p and b.
12
Let u be (-2 - 1)*(-1)/(-3). Let d be u/(-4) - 92/(-16). What is the greatest common factor of d and 12?
6
Let o(c) = -6*c + 1. Suppose -v + 0*v - 1 = 0. Let r be o(v). What is the greatest common divisor of 7 and r?
7
Let m(f) = f**3 + 3*f**2. Let c = -14 + 17. Let j be m(c). Calculate the highest common factor of 18 and j.
18
Let t = 93 - 65. Calculate the highest common factor of 140 and t.
28
Let v(h) = h**2. Let a be v(1). Let u(k) = k**2 + 3*k - 3. Let j be u(-5). Let m = a + j. Calculate the greatest common divisor of m and 8.
8
Let m = 3 - -11. Calculate the greatest common factor of m and 7.
7
Let w(q) = -11*q - 11. Let s(y) = 3*y + 2. Let o be